ors of c?
271
Let k(z) = z**3 - 5*z**2 - 5*z - 4. Let j be k(6). List the prime factors of 1/j + (-18)/(-4).
5
Let r(m) = -m**3 - 10*m**2 - m - 10. List the prime factors of r(-12).
2, 5, 29
Suppose -15 - 35 = -j. What are the prime factors of j?
2, 5
Suppose 3*a - p - 73 = 546, a = 5*p + 225. List the prime factors of a.
5, 41
Let u be 4 - ((0 - -2) + 0). Let o(g) be the first derivative of g**3/3 + g**2 - g - 1. What are the prime factors of o(u)?
7
Suppose -3*i + q = -q - 15, 2*i - q = 10. Suppose 3*m = 191 + 34. Suppose -m = i*k - 10*k. List the prime factors of k.
3, 5
Let n(y) = -y**3 + 19*y**2 - 16*y - 25. List the prime factors of n(18).
11
Suppose -4*t - 115 = -v, -v + 0*v - 2*t = -109. List the prime factors of v.
3, 37
Let n be (-1 - 2)*4/(-6). Suppose 2 = n*o + 4. Let k(y) = -3*y - 1. What are the prime factors of k(o)?
2
Suppose 3*i + 16 = w, -2*i - 1 = 7. Suppose -l + 5*q + 23 = -5, -w*l + 3*q = -61. List the prime factors of l.
13
Suppose -5 + 25 = 5*y. Let z(d) = 4*d - 6. What are the prime factors of z(y)?
2, 5
Suppose 0 = -0*j - 3*j. Suppose j = 3*d + 2*w - 17, d - 9 = -d + w. What are the prime factors of d?
5
What are the prime factors of 8/(-12) + 82/6?
13
Suppose -d + 2 = -0. What are the prime factors of ((-2)/(-2) - -1)*d?
2
Suppose -l - l = -8. Suppose 0 = l*x + 1 - 5. List the prime factors of (1 + -4)/(x/(-4)).
2, 3
Suppose 4 = 2*l - 6. Suppose 3*a + 4*n - 18 = 2*n, 3*a = 2*n + 6. Suppose -4*z = 2*g - 94, l*z - 9 = -a*g + 116. What are the prime factors of z?
3, 7
Suppose 44 + 40 = o. List the prime factors of o.
2, 3, 7
Suppose 12 = -3*m, -3*m = -2*d - 3*d + 57. Let h be (-3)/d + (-1)/(-3). Suppose -3*n + h = -9. List the prime factors of n.
3
Suppose 0*x + 2 = -2*x, 5*x - 15 = -4*d. Let c(n) = 13*n - 1. Let q be c(1). Suppose -q = -v - d. List the prime factors of v.
7
Suppose -12 + 0 = -3*s. List the prime factors of s.
2
Suppose 0 = k + 5*r - 47, k + 5*r = -3*k + 113. What are the prime factors of k?
2, 11
Suppose 23 + 17 = 5*n. Let f(w) = -w**3 - 6*w**2 - 4*w + 7. Let o be f(-5). Suppose -o*z + n + 10 = 0. What are the prime factors of z?
3
Suppose -16 = -u - 3*u. Suppose -3*y + u*y = 2*b, -4*b = -5*y - 6. Let i(m) = -15*m. List the prime factors of i(b).
3, 5
Let s = 3 + -3. Suppose 3*j + 68 = -s*a + 5*a, -j = 3*a - 38. What are the prime factors of a?
13
Let s(f) = f**2 + 5*f - 2. Suppose 0 = b + 6 - 0. Let r be s(b). Suppose -3*k = -j + 18, -j + 18 = -4*k - r. What are the prime factors of j?
2, 3
Suppose 54 = 4*v - v. What are the prime factors of v?
2, 3
Let b = 170 + -118. Suppose 0 = 5*j - j - b. List the prime factors of j.
13
Suppose p - 17 = -4*c, -3*c + 9 = p + p. List the prime factors of c.
5
Let g(u) = 41*u**2 + u. Suppose 5*k = 3*k - 2. Let d be g(k). What are the prime factors of d/6*(-30)/(-25)?
2
Suppose -4*r - 3*l = 12, 0*l + 26 = -3*r + 2*l. Let z(v) = v**2 + 2. What are the prime factors of z(r)?
2, 19
Suppose -2*f = -5*f - 363. Let j be 4/6 + f/(-3). Suppose 11 + j = 4*s. What are the prime factors of s?
13
Suppose -17 = -4*f + 3*q, 4*f - 5*f + 4*q + 14 = 0. Suppose 3*z + f*z - 140 = 0. What are the prime factors of z?
2, 7
Let q = -693 + 1044. What are the prime factors of q?
3, 13
Let m(j) = -3*j - 6*j - 4*j - 1. Suppose 2*z + 0 = -4*y + 10, 3*z - 4*y = -15. What are the prime factors of m(z)?
2, 3
Let x be -1 - -4*(-5)/(-2). Let l be 3/((-4)/((-60)/x)). Suppose -l*w + 1 = -19. List the prime factors of w.
2
What are the prime factors of 13/(-39) + (-422)/(-6) + 1?
71
Let v = 28 - 0. What are the prime factors of v?
2, 7
Let k = -8 - -9. Let w = -2 - k. List the prime factors of 1 - (-2 + w*4).
3, 5
Let j(r) = 7 + 6*r**2 - r**2 - 3*r**2 - 6*r - 4*r. List the prime factors of j(6).
19
Suppose -y = -3 - 1. Suppose 2*k = y*z + 30, -3*k - z + 37 = z. List the prime factors of k.
13
Let y be -3*-9*(-4)/(-4). Suppose 6*f - y = 5*f. What are the prime factors of f?
3
What are the prime factors of (-33)/(-1) + 8 + -4?
37
Let m(w) = 8*w + 7. Let p(y) = 7*y + 7. Let u(h) = -5*m(h) + 6*p(h). What are the prime factors of u(0)?
7
Let f(v) = v + 16. Let t be f(-13). List the prime factors of (-1)/t + 201/9.
2, 11
Suppose -4*v - 3 = 21. What are the prime factors of v/(-15) + 163/5?
3, 11
Let n be 15/9 + (-2)/(-6). What are the prime factors of n/(8/58)*2?
29
Suppose 2*z - 3*y + 0*y - 53 = 0, -z - 5*y = -33. What are the prime factors of z?
2, 7
Let q(h) = h**3 - 6*h**2 - 8*h + 7. Let u be q(7). Suppose -3*l + 0*l + 9 = u. What are the prime factors of l?
3
Let r = -96 - -141. List the prime factors of -20*-3*12/r.
2
Let l be 13/5 - (-4)/10. Let i be ((-14)/l)/(2/(-3)). Suppose -g - i = -2*g. What are the prime factors of g?
7
Suppose 192 = 5*s - 3*s. What are the prime factors of s?
2, 3
List the prime factors of (19/(-1))/(21/6 + -4).
2, 19
Let t = 25 + -41. List the prime factors of 6/(-2*6/t).
2
Suppose 215 = 2*a + 3*z, 4*a + 3*z = 4*z + 437. What are the prime factors of a?
109
Let b = -111 + 177. List the prime factors of b.
2, 3, 11
Let d(q) = -8*q**3 + 2*q**2 - 3*q. Let g be d(2). List the prime factors of g/(-6) - (-4)/(-12).
2, 5
Let y = -8 - -90. What are the prime factors of y?
2, 41
Let b(r) = 2*r**2 - 5*r - 3. List the prime factors of b(-3).
2, 3, 5
Let u = -107 + 133. What are the prime factors of u?
2, 13
Suppose -4*m + 71 - 11 = -2*v, -4*v = 5*m - 49. What are the prime factors of m?
13
Let i(b) = 4*b - b - 4*b + 5 + 5. Let l be i(5). Suppose 0*a - 25 = -l*a. What are the prime factors of a?
5
Let h(n) = -5*n - 6 + 0*n + 2*n**2 - 3*n. Let g be h(6). Let b = g - 11. List the prime factors of b.
7
What are the prime factors of (-2)/(-1) - (0 + -39)?
41
Let f = -3 - -6. Suppose 4*h - 4 = -3*k, -3*h = k - 2*h - f. What are the prime factors of k?
2
Suppose 0 = -4*f + 388 - 136. List the prime factors of f.
3, 7
Suppose 4*q + 2 - 350 = 0. List the prime factors of q.
3, 29
Suppose 2*a - 2*i - 2 = 0, 2*a - 4*i - 2 = 2. Suppose 4*m - 2*y = -a*y + 80, 0 = 3*y. Suppose d = 5*d - m. What are the prime factors of d?
5
Let r be (-1)/((-1)/8) + -2. List the prime factors of (2/r)/(5/90).
2, 3
Let p = -18 + 112. What are the prime factors of p?
2, 47
Let w = 250 + -155. What are the prime factors of w?
5, 19
Suppose 8 = -3*m - m. What are the prime factors of (-4)/m + -3 + 14?
13
Suppose 0 = t - 3*s - 34, 3*t - 4*s = 2*t + 33. List the prime factors of t.
37
Let t = 9 - 1. Let s = t - 6. List the prime factors of s.
2
Let q(z) = z**3 - 7*z**2 + 7*z - 9. Let p be q(6). Let r(k) be the third derivative of -k**4/4 - 2*k**3/3 - 5*k**2. What are the prime factors of r(p)?
2, 7
Let d = -159 + 238. What are the prime factors of d?
79
Suppose -4*y - 21 = -1. Let s(b) = -5*b. List the prime factors of s(y).
5
Let w be 255/(-10)*4/(-6). Suppose -5*x = -33 - w. What are the prime factors of x?
2, 5
Let h(q) = -q**3 - 5*q**2 + 9*q + 6. List the prime factors of h(-7).
41
List the prime factors of (-62)/(-6) + 22/33.
11
Suppose 11*p - 462 = -0*p. List the prime factors of p.
2, 3, 7
Let l(a) = -18*a**3 - 2*a**2 - a. Let z = 1 - 2. List the prime factors of l(z).
17
Let l(z) = -z**3 + 5*z + 1. Let k(s) = 3*s - 1. Let o be k(-1). List the prime factors of l(o).
3, 5
Let w(y) = y**2 + 1. Let f be w(2). Let u be 3*1*2/3. Let i = f - u. What are the prime factors of i?
3
Suppose -378 = -12*q + 414. What are the prime factors of q?
2, 3, 11
Suppose -5*h = 3*o - 18, -3*h + 7 = 5*o - 7. Let n = 0 - o. List the prime factors of (n - 1 - -22)*1.
2, 5
Let p = 1 - -22. Suppose -22 = -z + 5*v, -z - p = -3*z + 3*v. List the prime factors of z.
7
Let a(t) be the third derivative of -t**4/12 - t**3 - 5*t**2. What are the prime factors of a(-9)?
2, 3
Let d = 5 + -1. Suppose -v + 50 = d*v. Let h(k) = k**3 - 10*k**2 + 8. What are the prime factors of h(v)?
2
Let u(r) = r**3 - r**2 + 5*r + 3. Let v be u(4). Let z = -50 + v. What are the prime factors of z?
3, 7
Let f(u) = 13*u + 8. List the prime factors of f(4).
2, 3, 5
Let g(y) = 8*y - 2 - 2*y**2 + y**2 + 3 + 6. Let t be g(8). Suppose -56 - t = -3*d. List the prime factors of d.
3, 7
Let u(x) = 0*x + 1 + 1 + 0*x - 6*x. List the prime factors of u(-2).
2, 7
Let s be 1 + -3 + 1 - -4. Let b be -2*(-2)/4 + s. List the prime factors of (-6 - (2 - b))/(-2).
2
Let c be 4/(-24) + 1